undred thousands digit of 107169?
1
What is the units digit of 3555?
5
What is the hundreds digit of 9700?
7
What is the thousands digit of 2556?
2
What is the tens digit of 80858?
5
What is the ten thousands digit of 128872?
2
What is the tens digit of 1297?
9
What is the units digit of 422?
2
What is the thousands digit of 3110?
3
What is the units digit of 19287?
7
What is the hundreds digit of 4104?
1
What is the hundreds digit of 6595?
5
What is the tens digit of 1944?
4
What is the tens digit of 8972?
7
What is the hundreds digit of 11620?
6
What is the tens digit of 560?
6
What is the tens digit of 3373?
7
What is the hundreds digit of 14214?
2
What is the units digit of 1728?
8
What is the thousands digit of 11263?
1
What is the ten thousands digit of 23185?
2
What is the units digit of 286?
6
What is the units digit of 31334?
4
What is the units digit of 1208?
8
What is the thousands digit of 20051?
0
What is the hundreds digit of 1980?
9
What is the hundreds digit of 6896?
8
What is the ten thousands digit of 59256?
5
What is the tens digit of 1638?
3
What is the hundreds digit of 1054?
0
What is the units digit of 2015?
5
What is the hundreds digit of 262?
2
What is the tens digit of 69077?
7
What is the thousands digit of 47960?
7
What is the hundreds digit of 1063?
0
What is the units digit of 4193?
3
What is the tens digit of 12354?
5
What is the hundreds digit of 431?
4
What is the hundreds digit of 1230?
2
What is the tens digit of 30266?
6
What is the units digit of 8135?
5
What is the tens digit of 821?
2
What is the ten thousands digit of 48518?
4
What is the hundreds digit of 298?
2
What is the tens digit of 289?
8
What is the hundreds digit of 1934?
9
What is the units digit of 1218?
8
What is the thousands digit of 19827?
9
What is the tens digit of 62361?
6
What is the thousands digit of 1946?
1
What is the ten thousands digit of 24469?
2
What is the thousands digit of 13771?
3
What is the tens digit of 1190?
9
What is the units digit of 24316?
6
What is the ten thousands digit of 17377?
1
What is the units digit of 749?
9
What is the thousands digit of 4926?
4
What is the ten thousands digit of 22564?
2
What is the thousands digit of 15246?
5
What is the thousands digit of 3140?
3
What is the tens digit of 2076?
7
What is the units digit of 4133?
3
What is the tens digit of 469?
6
What is the hundreds digit of 7249?
2
What is the units digit of 2190?
0
What is the hundreds digit of 7655?
6
What is the ten thousands digit of 13251?
1
What is the tens digit of 896?
9
What is the hundreds digit of 8631?
6
What is the ten thousands digit of 17414?
1
What is the thousands digit of 8852?
8
What is the tens digit of 14279?
7
What is the units digit of 30085?
5
What is the tens digit of 451?
5
What is the thousands digit of 6621?
6
What is the thousands digit of 5071?
5
What is the tens digit of 3417?
1
What is the thousands digit of 54983?
4
What is the units digit of 364?
4
What is the tens digit of 32186?
8
What is the hundreds digit of 1488?
4
What is the hundreds digit of 24163?
1
What is the hundreds digit of 1393?
3
What is the thousands digit of 2502?
2
What is the hundreds digit of 2490?
4
What is the hundreds digit of 574?
5
What is the thousands digit of 49616?
9
What is the units digit of 720?
0
What is the thousands digit of 21966?
1
What is the tens digit of 10621?
2
What is the tens digit of 5001?
0
What is the units digit of 2396?
6
What is the units digit of 679?
9
What is the ten thousands digit of 10961?
1
What is the hundreds digit of 549?
5
What is the hundreds digit of 4021?
0
What is the hundreds digit of 11152?
1
What is the hundreds digit of 31947?
9
What is the units digit of 665?
5
What is the thousands digit of 17668?
7
What is the tens digit of 62127?
2
What is the hundreds digit of 984?
9
What is the tens digit of 106?
0
What is the hundreds digit of 4886?
8
What is the tens digit of 577?
7
What is the units digit of 22137?
7
What is the thousands digit of 30643?
0
What is the thousands digit of 1348?
1
What is the hundreds digit of 976?
9
What is the units digit of 20959?
9
What is the units digit of 70974?
4
What is the hundreds digit of 144424?
4
What is the units digit of 2588?
8
What is the units digit of 4963?
3
What is the tens digit of 736?
3
What is the units digit of 148321?
1
What is the units digit of 7327?
7
What is the units digit of 1796?
6
What is the tens digit of 45102?
0
What is the tens digit of 1470?
7
What is the hundreds digit of 215?
2
What is the hundreds digit of 546?
5
What is the tens digit of 11144?
4
What is the hundreds digit of 5850?
8
What is the hundreds digit of 14079?
0
What is the thousands digit of 35093?
5
What is the units digit of 146?
6
What is the hundreds digit of 2582?
5
What is the units digit of 6327?
7
What is the tens digit of 682?
8
What is the units digit of 703?
3
What is the tens digit of 7369?
6
What is the thousands digit of 46686?
6
What is the units digit of 745?
5
What is the hundreds digit of 1375?
3
What is the tens digit of 24825?
2
What is the tens digit of 32?
3
What is the tens digit of 27868?
6
What is the tens digit of 19367?
6
What is the hundreds digit of 638?
6
What is the hundreds digit of 1840?
8
What is the units digit of 6?
6
What is the tens digit of 35774?
7
What is the hundreds digit of 26728?
7
What is the hundreds digit of 144067?
0
What is the thousands digit of 11346?
1
What is the units digit of 6708?
8
What is the hundreds digit of 1703?
7
What is the hundreds digit of 760?
7
What is the tens digit of 1059?
5
What is the units digit of 2182?
2
What is the units digit of 42514?
4
What is the thousands digit of 67375?
7
What is the thousands digit of 1633?
1
What is the units digit of 39436?
6
What is the hundreds digit of 217?
2
What is the tens digit of 588?
8
What is the ten thousands digit of 13916?
1
What is the tens digit of 135?
3
What is the tens digit of 14416?
1
What is the hundreds digit of 470?
4
What is the tens digit of 952?
5
What is the hundreds digit of 7426?
4
What is the units digit of 827?
7
What is the hundreds digit of 5875?
8
What is the hundreds digit of 2049?
0
What is the tens digit of 1408?
0
What is the hundreds digit of 187?
1
What is the tens digit of 1136?
3
What is the ten thousands digit of 26049?
2
What is the tens digit of 2729?
2
What is the hundreds digit of 6482?
4
What is the units digit of 1559?
9
What is the tens digit of 69300?
0
What is the tens digit of 65267?
6
What is the hundreds digit of 2357?
3
What is the hundreds digit of 111?
1
What is the units digit of 94975?
5
What is the hundreds digit of 21514?
5
What is the units digit of 39502?
2
What is the units digit of 70079?
9
What is the tens digit of 6227?
2
What is the tens digit of 70?
7
What is the hundreds digit of 63660?
6
What is the hundreds digit of 109225?
2
What is the units digit of 634?
4
What is the tens digit of 29270?
7
What is the units digit of 2112?
2
What is the units digit of 7064?
4
What is the ten thousands digit of 25901?
2
What is the hundreds digit of 1545?
5
What is the thousands digit of 3492?
3
What is the units digit of 23980?
0
What is the thousands digit of 14506?
4
What is the ten thousands digit of 25844?
2
What is the thousands digit of 3260?
3
What is the units digit of 7410?
0
What is the units digit of 6256?
6
What is the thousands digit of 2208?
2
What is the thousands digit of 18198?
8
What is the thousands digit of 58260?
8
What is the tens digit of 3867?
6
What is the ten thousands digit of 59042?
5
What is the hundreds digit of 1084?
0
What is the tens digit of 1128?
2
What is the units digit of 3369?
9
What is the tens digit of 134709?
0
What is the tens digit of 871?
7
What is the hundreds digit of 309?
3
What is the units digit of 9171?
1
What is the hundreds digit of 871?
8
What is the thousands digit of 20220?
0
What is the tens digit of 42175?
7
What is the thousands digit of 1055?
1
What is the hundreds digit of 51830?
8
What is the ten thousands digit of 19774?
1
What is the hundreds digit of 47688?
6
What is the units digit of 164?
4
What is the tens digit of 42270?
7
What is the tens digit of 5279?
7
What is the hundreds digit of 1684?
6
What is the thousands digit 